ens digit of 4128?
2
What is the units digit of 824?
4
What is the units digit of 14514?
4
What is the hundreds digit of 23740?
7
What is the tens digit of 36821?
2
What is the units digit of 4362?
2
What is the units digit of 2289?
9
What is the tens digit of 188?
8
What is the hundreds digit of 6934?
9
What is the hundreds digit of 15727?
7
What is the units digit of 985?
5
What is the hundreds digit of 306?
3
What is the thousands digit of 1468?
1
What is the units digit of 2026?
6
What is the hundreds digit of 2096?
0
What is the ten thousands digit of 12481?
1
What is the thousands digit of 1602?
1
What is the thousands digit of 12806?
2
What is the tens digit of 4151?
5
What is the units digit of 6253?
3
What is the tens digit of 17733?
3
What is the thousands digit of 3106?
3
What is the units digit of 5?
5
What is the units digit of 102627?
7
What is the hundreds digit of 1780?
7
What is the hundreds digit of 17873?
8
What is the tens digit of 7379?
7
What is the units digit of 3165?
5
What is the thousands digit of 95985?
5
What is the units digit of 1150?
0
What is the thousands digit of 10945?
0
What is the tens digit of 5743?
4
What is the tens digit of 657?
5
What is the tens digit of 906?
0
What is the units digit of 1305?
5
What is the units digit of 2960?
0
What is the tens digit of 1657?
5
What is the units digit of 12961?
1
What is the tens digit of 992?
9
What is the units digit of 194?
4
What is the hundreds digit of 151?
1
What is the thousands digit of 4056?
4
What is the hundreds digit of 288?
2
What is the thousands digit of 84812?
4
What is the hundreds digit of 828?
8
What is the hundreds digit of 6447?
4
What is the thousands digit of 1668?
1
What is the tens digit of 14?
1
What is the thousands digit of 1229?
1
What is the ten thousands digit of 12783?
1
What is the thousands digit of 9583?
9
What is the hundreds digit of 2879?
8
What is the units digit of 5769?
9
What is the hundreds digit of 39964?
9
What is the units digit of 48639?
9
What is the hundreds digit of 2401?
4
What is the tens digit of 56233?
3
What is the hundreds digit of 531?
5
What is the units digit of 11290?
0
What is the hundreds digit of 9093?
0
What is the ten thousands digit of 16974?
1
What is the thousands digit of 3327?
3
What is the units digit of 7259?
9
What is the tens digit of 9775?
7
What is the hundred thousands digit of 113855?
1
What is the ten thousands digit of 48886?
4
What is the tens digit of 437?
3
What is the units digit of 27286?
6
What is the units digit of 2506?
6
What is the hundreds digit of 176?
1
What is the tens digit of 2064?
6
What is the hundreds digit of 141589?
5
What is the tens digit of 2136?
3
What is the units digit of 6264?
4
What is the thousands digit of 2171?
2
What is the thousands digit of 20043?
0
What is the thousands digit of 40447?
0
What is the units digit of 2550?
0
What is the ten thousands digit of 20909?
2
What is the tens digit of 1436?
3
What is the thousands digit of 36607?
6
What is the thousands digit of 23710?
3
What is the units digit of 2393?
3
What is the units digit of 3075?
5
What is the hundreds digit of 685?
6
What is the tens digit of 111?
1
What is the units digit of 3984?
4
What is the tens digit of 74167?
6
What is the units digit of 46?
6
What is the hundreds digit of 2975?
9
What is the tens digit of 44?
4
What is the tens digit of 1537?
3
What is the tens digit of 841?
4
What is the thousands digit of 8986?
8
What is the thousands digit of 11027?
1
What is the ten thousands digit of 53088?
5
What is the units digit of 5640?
0
What is the tens digit of 420?
2
What is the tens digit of 4209?
0
What is the thousands digit of 54677?
4
What is the units digit of 12579?
9
What is the thousands digit of 18256?
8
What is the hundreds digit of 4702?
7
What is the thousands digit of 174362?
4
What is the tens digit of 2582?
8
What is the units digit of 3750?
0
What is the tens digit of 36436?
3
What is the tens digit of 774?
7
What is the tens digit of 741?
4
What is the hundreds digit of 22084?
0
What is the hundreds digit of 1341?
3
What is the thousands digit of 1481?
1
What is the tens digit of 19498?
9
What is the thousands digit of 19489?
9
What is the thousands digit of 5008?
5
What is the tens digit of 623?
2
What is the units digit of 1447?
7
What is the thousands digit of 101822?
1
What is the tens digit of 589?
8
What is the thousands digit of 3989?
3
What is the units digit of 4438?
8
What is the units digit of 347?
7
What is the hundreds digit of 256?
2
What is the hundreds digit of 4214?
2
What is the thousands digit of 6678?
6
What is the tens digit of 85640?
4
What is the units digit of 1179?
9
What is the thousands digit of 3238?
3
What is the ten thousands digit of 42469?
4
What is the hundreds digit of 9628?
6
What is the units digit of 1361?
1
What is the units digit of 751?
1
What is the tens digit of 2119?
1
What is the hundreds digit of 3243?
2
What is the thousands digit of 2961?
2
What is the tens digit of 449?
4
What is the hundreds digit of 70681?
6
What is the units digit of 3230?
0
What is the tens digit of 1258?
5
What is the units digit of 830?
0
What is the units digit of 42629?
9
What is the units digit of 614?
4
What is the units digit of 13766?
6
What is the units digit of 13103?
3
What is the units digit of 8398?
8
What is the ten thousands digit of 113329?
1
What is the tens digit of 25?
2
What is the thousands digit of 5420?
5
What is the ten thousands digit of 147505?
4
What is the tens digit of 27721?
2
What is the units digit of 1668?
8
What is the hundreds digit of 1415?
4
What is the units digit of 87508?
8
What is the ten thousands digit of 138665?
3
What is the tens digit of 801?
0
What is the tens digit of 1257?
5
What is the thousands digit of 8216?
8
What is the tens digit of 11969?
6
What is the units digit of 1225?
5
What is the thousands digit of 65082?
5
What is the hundreds digit of 35780?
7
What is the tens digit of 1220?
2
What is the tens digit of 1304?
0
What is the ten thousands digit of 11309?
1
What is the tens digit of 506?
0
What is the tens digit of 219?
1
What is the thousands digit of 2419?
2
What is the units digit of 15753?
3
What is the units digit of 365?
5
What is the thousands digit of 17621?
7
What is the units digit of 3397?
7
What is the thousands digit of 6108?
6
What is the units digit of 129147?
7
What is the hundreds digit of 13505?
5
What is the hundreds digit of 5354?
3
What is the hundreds digit of 325?
3
What is the tens digit of 2476?
7
What is the tens digit of 368?
6
What is the hundreds digit of 385?
3
What is the thousands digit of 14379?
4
What is the hundreds digit of 52666?
6
What is the thousands digit of 2483?
2
What is the units digit of 513?
3
What is the thousands digit of 19693?
9
What is the thousands digit of 9082?
9
What is the tens digit of 913?
1
What is the hundreds digit of 19692?
6
What is the tens digit of 3646?
4
What is the tens digit of 8299?
9
What is the thousands digit of 18205?
8
What is the units digit of 79786?
6
What is the tens digit of 729?
2
What is the tens digit of 446?
4
What is the tens digit of 4514?
1
What is the units digit of 155?
5
What is the tens digit of 25275?
7
What is the tens digit of 659?
5
What is the units digit of 1710?
0
What is the units digit of 50286?
6
What is the units digit of 13212?
2
What is the tens digit of 3400?
0
What is the thousands digit of 149598?
9
What is the thousands digit of 5008?
5
What is the units digit of 630?
0
What is the units digit of 3390?
0
What is the thousands digit of 10150?
0
What is the thousands digit of 83720?
3
What is the hundreds digit of 1837?
8
What is the tens digit of 2695?
9
What is the hundreds digit of 2504?
5
What is the tens digit of 593?
9
What is the tens digit of 51848?
4
What is the hundreds digit of 135174?
1
What is the units digit of 5900?
0
What is the hundreds digit of 16334?
3
What is the thousands digit of 2176?
2
What is the hundreds digit of 276?
2
What is the tens digit of 13886?
8
What is the units digit of 60349?
9
What is the ten thousands digit of 18906?
1
What is the thousands digit of 2966?
2
What is the ten thousands digit of 34837?
3
What is the units digit of 2868?
8
W